= -2*g**2 - 3*g - 2. Let d(l) = 5*l**2 + 6*l + 5. Let f(h) = 3*d(h) + 7*p(h). What is the remainder when f(11) is divided by 18?
17
Let h(s) = s**2 - 10*s - 8. Let a be h(12). Suppose 1 = -3*v + a. Suppose -v*z + 35 = -45. What is the remainder when 47 is divided by z?
15
Let w = 415 + -394. Calculate the remainder when w is divided by 7.
0
Suppose -5*y = -0*y - 105. Suppose k - 7 - y = 0. What is the remainder when k is divided by ((-10)/(-3))/((-2)/(-9))?
13
Suppose -8*k = -2*k - 18. Suppose 4*m - 11 = -s - 29, -3*s + k*m = -21. Suppose -s*w + 3*w = 16. What is the remainder when 45 is divided by w?
13
Suppose 0 = 2*u + 2*u - 2*x - 30, 2*u - 35 = -3*x. Let t = 26 - u. What is the remainder when 60 is divided by t?
12
Suppose 5*m + 3*c = 88, 0 = 2*c - 3 + 1. What is the remainder when (-4 + 0 + 42/9)*48 is divided by m?
15
What is the remainder when 2/(-6)*(-1152)/3 is divided by 22?
18
Suppose -2*v + 6 = 5*z - 13, 0 = -3*v + 2*z. Suppose -6 = -0*h - v*h. Let j(d) = 771*d - 3082. What is the remainder when h is divided by j(4)?
1
Suppose 3*n + n = -s + 11, 5*s = 5*n + 5. Let y be (-7)/2 - n/(-4). Let j(k) = -2*k**3 - 4*k**2 - 3*k + 3. Calculate the remainder when j(y) is divided by 16.
14
Let h(t) = -t**3 - 5*t**2 - 5*t - 6. Let f be h(-4). Calculate the remainder when 24/(-5)*20/f is divided by 17.
14
Let h = -408 + 458. What is the remainder when h is divided by 42?
8
Calculate the remainder when (-2230)/(-16) - (-15)/(-40) is divided by 28.
27
Let o(v) be the first derivative of 45*v**2/2 - 6*v + 23. Calculate the remainder when o(1) is divided by 23.
16
Let g = -399 - -608. Calculate the remainder when g is divided by 71.
67
Let t(c) = -3*c + 2*c + 18 + 4 - c. What is the remainder when 118 is divided by t(-9)?
38
Let m(z) = z - 12. Calculate the remainder when 281 is divided by m(18).
5
Let g(q) = -3*q - 2. Let u be g(1). Let l be (20/4)/(u/(-2)). Calculate the remainder when (l + 2)*108/16 is divided by 7.
6
Let s = -24 - -44. Suppose -2*h + 7*h = -15. What is the remainder when 59 - h*(-2)/3 is divided by s?
17
Suppose -12 + 37 = h. Suppose 4*m - h = 15. Let f = m + -6. What is the remainder when 13 is divided by f?
1
Suppose 149 = 4*l + 2*d + 19, 0 = 2*l - 3*d - 53. Let i = l + 18. Calculate the remainder when i is divided by 13.
10
Suppose 4*o - 285 = -o. Calculate the remainder when o is divided by 2*((-533)/(-130) - 24/15).
2
Suppose -2*i + 32 = -32. Suppose d + i = -20. Let u = d + 89. Calculate the remainder when u is divided by 13.
11
Suppose -4*d + 64 = -2*g, 5*g = 3*d - 47 - 15. Let n = 602 + -519. Calculate the remainder when n is divided by d.
13
Suppose -5*t + 80 = 3*x - 6*x, -3*x - 67 = -4*t. Suppose a - 2*c = t, 4*a - 3*c = 22 + 10. Suppose -g + a = -0. What is the remainder when 17 is divided by g?
2
Suppose -6*y - 22 + 4 = 0. Let j(r) = 2*r**2 + 7*r + 11. What is the remainder when 21 is divided by j(y)?
5
Calculate the remainder when 128 is divided by (-3)/2 + (-220)/(-8) + -7.
14
Let x = 54 + -25. Let w = x + -10. Calculate the remainder when 72 is divided by w.
15
Calculate the remainder when 69 is divided by (-440)/16*(-72)/198.
9
Suppose m + 11 = 4*t - 2*m, 3*t - 12 = m. Suppose -21 = -o + 3*g, 4*o - 16 = t*g - 10*g. Let q = o + -5. Calculate the remainder when q is divided by 3.
1
Let u(o) = -3*o**3 - 8*o**2 + 5*o - 6. Calculate the remainder when u(-5) is divided by 34.
8
What is the remainder when 54 is divided by (3 - 6)*-3 + 1 + 2?
6
Let m = 16 + -13. Let i be 2*-3 + m + 19. Suppose 5*t - 2*t = 3*q + 21, 0 = -2*t + 4*q + i. What is the remainder when 21 is divided by t?
3
Suppose -976 = 8*r - 16*r. Calculate the remainder when r is divided by 25.
22
Suppose 33 - 143 = -5*z. Let g(o) = 44*o**2 - 10*o + 8. Calculate the remainder when g(1) is divided by z.
20
Calculate the remainder when 180 is divided by ((-5 - -14) + 4)/1.
11
Let p(l) = -2*l - 17. Let h(j) = 2*j + 16. Let g(y) = -4*h(y) - 3*p(y). What is the remainder when 15 is divided by g(-11)?
6
Let v(g) = -g - 9. Let n be v(-9). Suppose n = -5*r - 3 + 33. Calculate the remainder when 7 is divided by r.
1
Let b = -2 - -5. Suppose 21 = 3*d + k, 5*d - 1 = 2*k + 23. Let z = d + 1. Calculate the remainder when z is divided by b.
1
Let k(x) = x**3 + 12*x**2 + 3*x - 14. Let p = -140 - -153. What is the remainder when k(-11) is divided by p?
9
Let m = 107 + 244. Let a = m - 98. What is the remainder when a is divided by 51?
49
Let u = -17 + 13. Let f(s) = -4*s**2 - s - 3. Let b be f(u). What is the remainder when 5 is divided by (27/b)/((-1)/7)?
2
Let d(k) = -200*k + 1. Let o be d(-1). Let b = 433 - o. Suppose 3*s = 7*s - b. What is the remainder when s is divided by 15?
13
Suppose 163 = -2*f + 225. Let u = -81 - -171. Calculate the remainder when u is divided by f.
28
Suppose 8*f - 5*o + 74 = 12*f, o - 2 = 0. Calculate the remainder when 91 is divided by (1 + 11)/(3 - 42/f).
27
Suppose 4*f + 4*x - 214 = 2*x, -4*x = 3*f - 168. Let a(z) = -z**2 - 15*z + 25. Let s be a(-10). Let b = s - f. Calculate the remainder when b is divided by 6.
5
Suppose -3*x + 25 = -68. What is the remainder when x is divided by 23?
8
Let m(b) = b**3 + 20*b**2 + 30*b - 35. What is the remainder when m(-16) is divided by 16?
13
Suppose -6 = -3*a + 3. What is the remainder when (-3)/(-1) - (-128)/16 is divided by a?
2
Suppose -3*i - 5*m - 70 = -8*i, 32 = 3*i - m. Suppose k = -0*k + i. Calculate the remainder when 75 is divided by 38/((-3)/(k/(-3))).
37
Let v = 46 + -40. What is the remainder when 45 is divided by 188*2/24 - (-2)/v?
13
Let s(b) = -3*b**3 + 22*b**2 + 8*b - 6. What is the remainder when s(5) is divided by 43?
37
Calculate the remainder when 64 is divided by 6/(-63) + (30800/(-147))/(-16).
12
Suppose -2*n + 32 = 2*m, 0 = 7*m - 9*m - 4*n + 36. What is the remainder when 67 is divided by m?
11
Let u = 2068 - 1791. What is the remainder when u is divided by 5?
2
Let s(a) = -2*a**2 + a - 123. Let p(l) = -l**2 + l - 62. Let w(d) = -5*p(d) + 2*s(d). What is the remainder when w(0) is divided by 17?
13
Suppose -5*o + s = -3861, -4*o = 5*s - 418 - 2665. Calculate the remainder when o is divided by 25.
22
Let q(r) = -r**3 + 11*r**2 + 8*r + 28. What is the remainder when q(11) is divided by 31?
23
Let c = -254 + 494. What is the remainder when c is divided by 27?
24
Suppose -135 = -2*i - 3*x, -5*i + 8*x - 10*x + 365 = 0. What is the remainder when i is divided by 24?
3
Suppose -w - 2*w + q - 35 = 0, -4*q - 10 = 3*w. Let c(r) = -7*r - 2. What is the remainder when c(w) is divided by 14?
12
Suppose 2*a + 3*t = 29, a + 8 = t + 2*t. Suppose -87 + 430 = a*v. Calculate the remainder when v is divided by (1*-1 - -2) + 12.
10
Suppose -2*u + 3*r + 6 + 61 = 0, -5*r + 5 = 0. Suppose -n = -5*c + 79, 3*c - u = -5*n + 18. Let v = c - -10. Calculate the remainder when 49 is divided by v.
23
Suppose 5*v - 109 = -3*c, -c + 22 = v - 17. Suppose -2*s = -13 - c. Calculate the remainder when 109 is divided by s.
25
Let t = 665 - 478. What is the remainder when t is divided by 47?
46
Suppose -5*z + 30 = -2*f - 33, 0 = z - 4*f - 9. Calculate the remainder when 293 is divided by z.
7
Let q = 4 + -9. Let j(b) = 3*b**2 + 3*b - 9. Let x(y) = -y**2. Let c(r) = q*x(r) - j(r). What is the remainder when 71 is divided by c(3)?
17
Let k(n) = 2*n - 9. Calculate the remainder when 9 is divided by k(8).
2
Let i(m) = -11*m - m**3 - 4*m**2 + 14*m + 16 - 8. What is the remainder when 119 is divided by i(-6)?
57
Let w = 20 + -12. Let s = -4 + w. Suppose 3*c = s*m + 7, 2*c = c + 3*m - 6. Calculate the remainder when 15 is divided by c.
6
Let t(m) = m**3 + 15*m**2 - 2*m + 117. What is the remainder when t(-14) is divided by 61?
36
Let k(q) = -q**3 + 6*q**2 - 4*q - 3. Let z be 10/3*(30/4 - 6). Suppose -49 = -z*u - 19. Calculate the remainder when u is divided by k(5).
0
Let m(r) = -10*r**3 - 89*r**2 + 5*r + 1. Calculate the remainder when 184 is divided by m(-9).
36
Let n be 2/((-128)/(-65) - 2). Let d = 234 + -117. Let t = d + n. What is the remainder when t is divided by 18?
16
Calculate the remainder when 1830 is divided by (-4)/(-144)*4 + (-11412)/(-81).
138
Let y be -2 - -4 - (1 - (2 + 1)). Suppose -y*g - 8 = 0, -146 + 51 = -q - 5*g. What is the remainder when q is divided by 18?
15
Let l = -1 - -4. Suppose -5*b - 7 = 